- 6405. What is the highest common divisor of 1464 and q?
183
Let r be (-2212)/77 + 29 + (-11940)/(-22). What is the greatest common divisor of r and 24?
3
Let m(v) = -2*v**2 + 2*v - 1. Let a(h) = -151*h**2 - 7*h + 1. Let w(p) = -a(p) - 3*m(p). Let l be w(2). Calculate the highest common factor of l and 79.
79
Let n be 4/(-6)*24/32*-28. Calculate the highest common divisor of n and 298.
2
Let f = 36 + -26. Suppose f = 2*t, 2*h + 4*t = -t + 41. Suppose -2*v - d - 4*d = -181, -5*v + d + 439 = 0. Calculate the greatest common divisor of h and v.
8
Let p = 586 - 288. Suppose p - 280 = u. What is the highest common factor of u and 18?
18
Suppose 3*f = -q + 1494, 2*q - 54*f + 59*f - 2985 = 0. What is the greatest common factor of q and 105?
15
Suppose -13 = -5*p + r, -2*p = -0*r - 4*r - 16. Suppose -p*t - 4*d = -413 - 269, -5*d = 4*t - 1379. Calculate the greatest common factor of t and 39.
39
Suppose 0 = -f + 4 + 5. Suppose -2*u - h + 26 = 0, u - 23 = 3*h - 17. Calculate the greatest common factor of u and f.
3
Suppose -3*f - 311 = -5*b - 130, -60 = -b + 4*f. Calculate the greatest common divisor of 46 and b.
2
Suppose 3*m + 1056 = -927. Let j = m - -1004. Calculate the greatest common factor of 49 and j.
49
Suppose 4*l = 4*b - 0*l, -16 = -5*b - 3*l. Let m be b/(-18) + (-1800)/(-162). What is the highest common divisor of m and 33?
11
Suppose -m - 5*p + 3*p = 4, -3*m + p = -16. Suppose -3*y - 6 = -2*c - 2*y, c + m = -3*y. What is the highest common factor of 226 and c?
2
Let z be ((-3)/(-5) + 1)/((-56)/(-140)). Suppose -5*f + 935 = -z*n, -4*f - 3*n + 797 = 49. What is the highest common factor of f and 51?
17
Suppose -2*c - 84*a + 87*a = 4, 0 = -3*a. Let f(p) = p**3 + 4*p**2 - 4*p - 11. Let u be f(c). Calculate the highest common divisor of u and 55.
5
Let g be (90/5 - -17)*50/7. What is the highest common factor of g and 800?
50
Let d(w) = 19*w**2 + 45*w + 114. Let c be d(-12). What is the greatest common divisor of c and 7?
7
Let x(g) = -g**2 + 39*g + 3683. Let d be x(80). Calculate the greatest common factor of 247 and d.
13
Let f = 478 + -228. Let s = f + -178. Calculate the highest common divisor of s and 180.
36
Let c(f) = f - 3. Let y(q) = -25*q + 49. Let d(v) = 6*c(v) - y(v). Let t be d(6). Suppose 0*h = 4*h - 68. Calculate the greatest common factor of t and h.
17
Suppose -22*j = 184 + 256. Let n be j/(-35) + (-122)/(-7). What is the greatest common divisor of n and 36?
18
Let x be ((-24)/(-48))/((-4)/(-144)). What is the greatest common factor of 234 and x?
18
Suppose -i = -5*v - 3 - 3, 0 = 4*i + 4*v. Let g be 7*i + 115 + -116. Calculate the greatest common divisor of g and 726.
6
Let y = 24785 - 24773. Calculate the greatest common factor of y and 2031.
3
Let f be (-641)/(-4) - (-6)/8. Suppose 0 = -156*p + f*p - 1000. Calculate the highest common divisor of 16 and p.
8
Suppose 2*k = 46 - 14. Suppose k*d = 36 + 44. Calculate the highest common factor of 35 and d.
5
Suppose -1302 = -537*y + 536*y + 3*j, 3*j = 2*y - 2613. What is the greatest common factor of y and 92?
23
Let o(k) = -141*k - 9. Let h(r) = -72*r - 5. Let d(m) = 5*h(m) - 3*o(m). Let x be d(2). Calculate the highest common factor of x and 4.
4
Let a be 2/10 - (1 + 2454/(-30)) - -4. What is the greatest common divisor of a and 11101?
17
Let u = 22 + -21. Let m be 2*(-22 + 20)/(4/(-107)). What is the highest common divisor of m and u?
1
Let t = -206 + 225. Suppose 3*l = -5*c + 6*l + 97, -l = -c + t. Calculate the greatest common factor of 340 and c.
20
Let f be (8/(-6))/(280/(-630)). Suppose -3*z + f*g + 259 + 263 = 0, z = -5*g + 186. What is the greatest common divisor of z and 22?
22
Let b(q) = -6*q**3 - 59*q**2 - 8*q - 42. Let g be b(-16). What is the greatest common divisor of g and 236?
118
Let b be (-98)/6 + 18/(-27). Let h = b + 27. Suppose -3*l + 8*l = 400. What is the greatest common factor of h and l?
10
Let n = 37740 - 25128. Suppose -32*f - 804 + n = 0. Let k be 2/(2*1/41). What is the greatest common divisor of f and k?
41
Let u = 19 + -17. Suppose 12 = -4*g, u*g = -5*b + 43 + 51. Suppose -4*x - 652 = -4*o, 2*x - b = -2*x. Calculate the greatest common factor of o and 24.
24
Suppose 0 = 5*x - 1290*q + 1288*q - 1620, -q + 5 = 0. What is the greatest common divisor of x and 7335?
163
Suppose 0 = 2*j - 65 - 55. Let f be (-34)/(-5) - 16/20. Suppose -f = -8*k + 114. What is the highest common divisor of j and k?
15
Let c be (-28)/(-6)*(3 - 0). Suppose s - b = -2*b + 13, -5*s + 69 = 3*b. Suppose 65 + 145 = s*d. Calculate the highest common factor of c and d.
14
Suppose 121093 + 165674 = 41*g + 2227. Calculate the highest common factor of g and 20.
20
Suppose -271 + 1531 = 5*g. Let n = -113012 - -113192. Calculate the greatest common divisor of n and g.
36
Suppose 3*w - 7 = 7*t - 3*t, 0 = 4*w - 20. Suppose 446 = v - 5*m, 0*v - 2*v + t*m + 908 = 0. What is the greatest common divisor of 57 and v?
57
Let d = -15497 + 15553. What is the highest common divisor of 5446 and d?
14
Suppose -2*r = -5*r - 12. Let p = -3 - r. Let k = -40 - -49. Calculate the greatest common factor of k and p.
1
Suppose 4*j + 2 = 6. Suppose 51 = 2*g + j. Let z = -24020 - -24070. Calculate the greatest common divisor of z and g.
25
Suppose -178 + 1388 = 22*t. Calculate the greatest common divisor of 297 and t.
11
Suppose j - 21241 = -5*y, 3*y - 17000 = -y + j. Let s be (-6)/21 - y/49. Let c = s + 94. What is the highest common factor of c and 28?
7
Suppose 13785 = 90*w - 7275. Suppose -20 + 2 = -d. What is the greatest common factor of d and w?
18
Let o be (-54)/(-45)*10/(-14)*-203. What is the highest common factor of o and 377?
29
Let d(c) = 7*c**2 - 3*c - 39. Let p be d(-6). Let g = p - 191. Calculate the highest common factor of g and 10.
10
Let g be 116 + 1 + 260 + -265. What is the highest common factor of 5 and g?
1
Let m(s) = -2*s**3 - 17*s**2 + 7*s - 16. Let a be m(-9). Let c be (-1800)/16*(-1 - a/(-6)). What is the greatest common divisor of c and 15?
15
Suppose -z + 14 - 9 = 0. Suppose 10*h - z*h = 0. Suppose -3*m + 2*w + 240 = -h*m, 5*w = -2*m + 160. Calculate the highest common factor of m and 20.
20
Let z = 2782 - 2449. Calculate the greatest common divisor of z and 2775.
111
Let r(v) = -8*v - 7*v**2 + 4*v**2 - 2*v**2 - v**2 + v**3 + 1. Let z be r(7). Let u be 1/(-2) - 177/z - 3. Calculate the greatest common divisor of 65 and u.
13
Suppose -6*s + 31 = -11. Let l(t) = 9*t - 3. Let c be l(s). What is the greatest common divisor of 100 and c?
20
Let d = 5516 - -14179. What is the greatest common factor of 78 and d?
39
Suppose -4*j - 6*x = -4*x - 364, 4*j - 364 = -5*x. Let b be (-3)/(-2)*(-14)/3 + 111. Calculate the highest common factor of j and b.
13
Suppose -4*j + j + 198 = 0. Let p be 3/4 - (-78153)/436. Suppose 189*r - p*r = 54. Calculate the greatest common factor of j and r.
6
Let u = 9924 + -9838. What is the greatest common factor of 11524 and u?
86
Suppose 1832*g - 338520 = 1804*g. Calculate the highest common factor of 15 and g.
15
Let u = -425 + 470. Let d = 54 - 122. Let o = -38 - d. Calculate the highest common divisor of o and u.
15
Suppose -13*j = 46 - 202. What is the greatest common factor of 8 and j?
4
Let w = -126 - -128. Suppose 3*x - 830 = -2*x - 5*r, -w*x + 3*r + 347 = 0. Calculate the highest common factor of 52 and x.
13
Let r be (3 - (-30)/(-9))*-3 - (-89 + -10). What is the highest common factor of r and 340?
20
Let n = 226 + -82. Suppose -15*a = -11*a - n. Suppose -a = -3*j + 3*l - 6*l, -3*l = 2*j - 24. Calculate the greatest common divisor of j and 132.
12
Let g be (-1)/((-2)/594) + (-20)/(-4). Suppose -4*i - 42 = -g. What is the greatest common factor of i and 143?
13
Let q = -438 - -302. Let g be (-19550)/q + 3/(-4). What is the greatest common divisor of 22 and g?
11
Let q = 64 + -65. Let z(j) = 72*j**2 + 3*j + 2. Let v be z(q). Let w = v - 64. What is the greatest common factor of w and 35?
7
Suppose 5*y = 4*q + 335 + 43, 3*y = q + 98. Let r = q + 102. Let z = 78 + -28. What is the highest common divisor of r and z?
10
Suppose -19*x + 20915 = 32*x - 45181. What is the highest common factor of 1764 and x?
36
Suppose -19 = -6*u + 11. Suppose -q = -3*d + 8, 2*q - 4*d + u = -3. Suppose f = -5*y + 23 + 22, q*y = f + 45. What is the greatest common factor of y